w be (12 - 1)*(11 - 8). Let y = -19 - -30. Calculate the greatest common divisor of w and y.
11
Let j be ((-156)/(-20) - -1)/((-8)/(-60)). Calculate the greatest common factor of j and 165.
33
Suppose -5*q = 3*n - 0*n - 264, 2*q = -5*n + 440. What is the greatest common factor of 11 and n?
11
Suppose 16 = -4*c + 56. Calculate the highest common factor of 10 and c.
10
Let c = -63 - -198. Suppose 128 = 3*x + 371. Let t = c + x. Calculate the highest common factor of 6 and t.
6
Suppose -4*a + o + o = -18, 9 = -a - 4*o. Suppose -a*l + 4 = -l. Suppose -4 = -l*y + 38. What is the greatest common divisor of y and 3?
3
Let d(i) = 2*i + 7. Let x(w) = -5*w - 13. Let m(j) = -7*d(j) - 3*x(j). Let g be m(9). Let c be (-1)/((3/24)/g). What is the greatest common factor of 4 and c?
4
Let q(d) = -d**2 - 7*d - 9. Let w be q(-4). Let o = 6 + w. What is the highest common factor of o and 1?
1
Suppose 4*c + q - 37 = 0, c - 4*c + 28 = q. What is the greatest common divisor of 72 and c?
9
Let r = 121 - 66. Let f(g) = -5 + 51*g - 41*g - 8 + g**2. Let k be f(-12). What is the highest common factor of k and r?
11
Suppose 3*h - t = 1132, 3*h + 768 = 5*h + 2*t. Suppose -h + 19 = -4*k. Let w(j) = j**2 + 1. Let i be w(3). Calculate the greatest common factor of k and i.
10
Let s be 8 + -9 - (1 + -14). Let m(u) = u - u - 2 + s*u - 2*u. Let j be m(11). What is the greatest common divisor of j and 12?
12
Let s(o) = -o - 4. Let j be s(-6). Suppose 0 = -7*n + j*n + 170. Suppose f - n = 4*z, -3*f + 76 = z - 13. What is the greatest common factor of f and 20?
10
Suppose 0 = -4*m + 12*m - 184. Calculate the greatest common divisor of 23 and m.
23
Let o(h) = -h**3 - 3*h**2 - 2*h - 4. Let f be o(-4). Let k be f/(-8)*-30*1. Calculate the highest common divisor of 15 and k.
15
Suppose -2*c + 4 = -3*c. Let l = -9 - c. Let p = -1 - l. What is the greatest common factor of p and 2?
2
Let z(o) = 79*o + 2. Let p be z(1). Suppose 5*b + 0*b = 45. Calculate the greatest common divisor of b and p.
9
Let w(v) = -v**3 + 6*v**2 + 7*v + 6. Let m be w(6). Let a be -1*(1 + -12)*1. Suppose -1 = -2*s + a. Calculate the highest common divisor of s and m.
6
Suppose -4*f - 12 = 0, 2*k + 2*f = 6*k - 446. Let a be (-10)/((1 - 0)*-1). What is the highest common factor of k and a?
10
Let z be (50 + 2)/(3 - 1). What is the greatest common factor of z and 104?
26
Suppose 6*q + 2*s = q + 300, s = 0. What is the greatest common divisor of q and 12?
12
Let z(q) = -q**2 + 3*q. Suppose 2*u = 4 + 2. Let d be z(u). Suppose 5*o - 3*b + 2 = -d, 3*b - 12 = 0. Calculate the highest common factor of o and 6.
2
Suppose -3*f = -2*h + 3, f = -3*h - 4 + 3. Let w be (-118 - (-2 + f))/(-1). Calculate the highest common divisor of w and 46.
23
Let v(w) = w + 3. Let o be v(-5). Let u be -1 + (4 - (o + 0)). What is the highest common factor of 5 and u?
5
Let w be (40 - 0)/4 + 0. Let v = 0 + -15. Let h = 25 + v. What is the highest common divisor of w and h?
10
Suppose -21*u + 16*u + 10 = 0. What is the highest common factor of u and 2?
2
Suppose 11*f = 7*f + 4. What is the greatest common factor of f and 23?
1
Let k(m) be the first derivative of -m**3/3 - 4*m**2 - 11*m + 10. Let i be k(-5). What is the highest common divisor of i and 24?
4
Let s = 0 + 6. Calculate the greatest common factor of s and 6.
6
Suppose 3*o + 8*q - 21 = 5*q, 2*q = 4*o - 34. Calculate the greatest common divisor of o and 16.
8
Suppose d - 4*d + 5*z + 25 = 0, 0 = -5*d + z + 27. Let w be (-12)/(-8)*14 + -1. What is the greatest common divisor of d and w?
5
Let r(u) = u**3 + 4*u**2 - 9*u - 4. Let c be r(-6). Let o be (4 - -16)/((-4)/c). What is the highest common divisor of o and 10?
10
Let m = -3 - -3. Suppose 3*l - 5*l + 60 = m. What is the highest common factor of 6 and l?
6
Let q = 31 - 20. Let v = q + -9. Let t = 16 + -2. What is the greatest common factor of t and v?
2
Suppose -3*g = -7*g + 180. Calculate the greatest common factor of g and 18.
9
Let l(s) = -3*s + 10*s - 1 + 113*s. Let c be l(1). What is the greatest common factor of c and 17?
17
Let q be 1668/16 - (-3)/4. Let d = 53 + -32. Calculate the highest common factor of d and q.
21
Let v = 1 - 1. Let i = 9 - v. Let n(w) = -w + 9. Let c be n(-9). Calculate the greatest common divisor of i and c.
9
Let w(f) = -f + 12 - 4*f + 6*f. Let t be w(-8). Let s(z) = 8*z - 6. Let k be s(t). What is the greatest common factor of k and 13?
13
Let l be 4/(12/(-81))*(-2)/6. Let s = -4 + 13. Calculate the highest common factor of l and s.
9
Suppose -4*k + 1 = 5*n - 0, -5*k = 5*n. Let d be 4*2*10/(-8). Let f = d + 21. Calculate the highest common divisor of f and n.
1
Let b(a) = -6*a - 18. Let q be b(-5). What is the highest common factor of 360 and q?
12
Let r be 0 - (-2 - 2/2). Let v(n) = -6*n - 8. Let p be v(7). Let u = -29 - p. What is the greatest common factor of r and u?
3
Suppose -2*f - v - 102 = -6*f, 3*f + 4*v = 86. Suppose 3*a + 2 = -j - a, 2*j - f = -2*a. Suppose 3*z - 4 = z. What is the greatest common divisor of j and z?
2
Suppose -13 = -4*t - 3*h, -5*h = -2*t - h + 34. Let m be (t - 2)/(2/4). Let i be 3216/64 - 2/8. Calculate the highest common divisor of m and i.
10
Suppose 4*l = -0*l - 8. Let p be (560/24)/(l/(-6)). Let d(c) = 5*c. Let q be d(2). What is the highest common divisor of p and q?
10
Let a = 13 - 8. What is the greatest common factor of 25 and a?
5
Let s be 4/(-8) - 50/(-4). Let n(z) = z**2 - 2*z + 4. Let r be n(4). What is the greatest common divisor of s and r?
12
Let t be 42/8 - (-4)/(-16). Let b = 29 + t. Let l = 45 + 6. What is the greatest common factor of b and l?
17
Let j(a) be the third derivative of 23*a**4/24 + a**3/6 + a**2. Let u be j(1). Calculate the greatest common divisor of u and 8.
8
Suppose -106 = -4*j - 6. What is the greatest common divisor of j and 275?
25
Let a(b) = -b**3 - b - 5. Let s be a(-5). Suppose -2*y - 15 + s = 0. Calculate the greatest common factor of 11 and y.
11
Let y = -2 - -2. Let k(g) = -g**3 + g + 48. Let j be k(y). Calculate the highest common divisor of j and 6.
6
Let w = -7 - -7. Suppose -6 = -3*o + 3*u, 0*u + 5*u - 10 = w. Suppose 84 + 36 = o*t. Calculate the highest common factor of 6 and t.
6
Suppose 2*s = 102 + 38. Let j = -26 + s. Suppose -m = m - j. Calculate the highest common factor of m and 55.
11
Let l be ((-3)/(-9))/((-2)/(-30)). Suppose -t + 4*i = 3*t - 56, -t + l*i + 34 = 0. Let x = 59 + -32. What is the greatest common factor of x and t?
9
Let l(z) be the second derivative of -z**5/20 - z**4/12 + z**3/2 - 3*z. Let s be l(-4). Calculate the highest common factor of 9 and s.
9
Suppose x - 35 = -4*x. What is the highest common factor of x and 21?
7
Let h = 5 + -1. Suppose -3*f = 3*c, -2*c + 12 = 6*f - f. Calculate the greatest common divisor of h and f.
4
Let k = 47 - 46. What is the greatest common factor of 11 and k?
1
Suppose 2*v - i + 3 = 4*v, -2*v + 6 = -2*i. Suppose -3*u + 2*m = 26 - 433, 5*u = -v*m + 657. What is the highest common divisor of 19 and u?
19
Let k = 47 + -23. Suppose 0 = 4*l - 6*l - 16. Let w = 14 + l. What is the highest common factor of k and w?
6
Let k be (10/(-4))/(5/(-10)). Suppose 74 - 9 = k*z. What is the highest common factor of z and 39?
13
Suppose 2*g = 4*m - 2*g - 4, -3*m - g = -11. Let a be (-8)/m*(-6)/4. Suppose 12*q - 7*q = 50. Calculate the highest common divisor of q and a.
2
Let c be (1/(-2))/((-205)/100 - -2). What is the greatest common factor of 90 and c?
10
Let c(o) = 7*o - 6. Let v be c(4). What is the highest common divisor of 2 and v?
2
Suppose 0 = u + 2*u - 432. What is the greatest common divisor of u and 16?
16
Suppose -f = 2*f - 48. Let o = 79 + 65. Calculate the greatest common divisor of o and f.
16
Suppose 105 = -5*d - 0*d. Let a = -10 - d. Calculate the greatest common factor of a and 11.
11
Suppose -3*g + 12 = -g. Let o be (20/g)/(1/6). Calculate the greatest common divisor of o and 8.
4
Suppose -f + 6*f = 70. What is the greatest common factor of 84 and f?
14
Let b = 121 + -99. Calculate the highest common divisor of 198 and b.
22
Let s(a) = -4*a**2 + 7*a + 3. Let t(o) = -7*o**2 + 13*o + 5. Let p(g) = -5*s(g) + 3*t(g). Let u be p(3). What is the greatest common divisor of 15 and u?
3
Let u(k) = 2*k**3 + 2*k**2 - k - 1. Let m be u(3). Calculate the greatest common factor 